{"id":38,"date":"2010-09-14T22:42:22","date_gmt":"2010-09-14T22:42:22","guid":{"rendered":"http:\/\/kukuma.blogsport.eu\/"},"modified":"2013-10-08T02:10:03","modified_gmt":"2013-10-08T00:10:03","slug":"mitmachen-unterstutzen","status":"publish","type":"page","link":"https:\/\/kukuma.org\/?page_id=38","title":{"rendered":"mitmachen &#038; unterst\u00fctzen"},"content":{"rendered":"<p>Text \u00fcber DIY (=do it yourself!) und Beteiligungsm\u00f6glichkeiten bei KuKuMA kommt hier in k\u00fcrze &#8211; wir arbeiten daran das die Homepage vollst\u00e4ndig wird!<\/p>\n","protected":false},"excerpt":{"rendered":"<p>Text \u00fcber DIY (=do it yourself!) und Beteiligungsm\u00f6glichkeiten bei KuKuMA kommt hier in k\u00fcrze &#8211; wir arbeiten daran das die Homepage vollst\u00e4ndig wird!<\/p>\n","protected":false},"author":3,"featured_media":0,"parent":0,"menu_order":0,"comment_status":"open","ping_status":"open","template":"","meta":{"footnotes":""},"class_list":["post-38","page","type-page","status-publish","hentry"],"_links":{"self":[{"href":"https:\/\/kukuma.org\/index.php?rest_route=\/wp\/v2\/pages\/38","targetHints":{"allow":["GET"]}}],"collection":[{"href":"https:\/\/kukuma.org\/index.php?rest_route=\/wp\/v2\/pages"}],"about":[{"href":"https:\/\/kukuma.org\/index.php?rest_route=\/wp\/v2\/types\/page"}],"author":[{"embeddable":true,"href":"https:\/\/kukuma.org\/index.php?rest_route=\/wp\/v2\/users\/3"}],"replies":[{"embeddable":true,"href":"https:\/\/kukuma.org\/index.php?rest_route=%2Fwp%2Fv2%2Fcomments&post=38"}],"version-history":[{"count":1,"href":"https:\/\/kukuma.org\/index.php?rest_route=\/wp\/v2\/pages\/38\/revisions"}],"predecessor-version":[{"id":115768,"href":"https:\/\/kukuma.org\/index.php?rest_route=\/wp\/v2\/pages\/38\/revisions\/115768"}],"wp:attachment":[{"href":"https:\/\/kukuma.org\/index.php?rest_route=%2Fwp%2Fv2%2Fmedia&parent=38"}],"curies":[{"name":"wp","href":"https:\/\/api.w.org\/{rel}","templated":true}]}}